{"id":2,"date":"2022-03-16T17:23:37","date_gmt":"2022-03-16T17:23:37","guid":{"rendered":"http:\/\/suaingenieria.com\/?page_id=2"},"modified":"2025-09-22T17:10:45","modified_gmt":"2025-09-22T17:10:45","slug":"sample-page","status":"publish","type":"page","link":"https:\/\/suaingenieria.com\/?page_id=2","title":{"rendered":"NOSOTROS"},"content":{"rendered":"\n<p><strong>SUA INGENIER\u00cdA S.A DE C.V.<\/strong>, es una empresa al servicio de la rama de la construcci\u00f3n 100% mexicana, fundada en el a\u00f1o 2020.&nbsp;Enfocada en realizar los mejores servicios de control de calidad, geotecnia, supervisi\u00f3n, topograf\u00eda y construcci\u00f3n para satisfacer las necesidades del cliente. <\/p>\n\n\n\n<p>Compromiso, Responsabilidad y Honestidad, as\u00ed como pasi\u00f3n por la construcci\u00f3n y la satisfacci\u00f3n del cliente es lo que nos distingue, en&nbsp;<strong>SUA INGENIER\u00cdA S.A DE C.V.<\/strong>&nbsp;nos comprometemos a que su proyecto concluya con la mayor calidad dentro de los tiempos establecidos en su proyecto, esto sin influir de manera significativa en el costo total del mismo.<\/p>\n\n\n\n<p>Contamos con profesionistas y personal de amplia experiencia en el ramo. Nuestro valor agregado es la mejor atenci\u00f3n personalizada, el mejor presupuesto y tiempo con un excelente control de calidad.<\/p>\n\n\n\n<p>Es de suma importancia para nosotros una atenci\u00f3n adecuada que finalice en un buen resultado.&nbsp;&nbsp;<\/p>\n\n\n\n<p><strong>SUA INGENIER\u00cdA S.A. DE C.V<\/strong>. genera su trabajo respaldado en los m\u00e9todos y normativas vigentes aplicables.<\/p>\n\n\n\n<p><\/p>\n\n\n\n<p><\/p>\n\n\n\n<p><\/p>\n\n\n\n<p><\/p>\n\n\n\n<figure class=\"wp-block-table is-style-regular\"><table class=\"has-fixed-layout\" style=\"border-style:none;border-width:0px\"><tbody><tr><td>MISI\u00d3N<\/td><td>VISI\u00d3N<\/td><\/tr><tr><td><strong>Generar tranquilidad y confianza en nuestros clientes,<\/strong> implementando siempre los valores que rigen nuestras actividades, y cumplir con las necesidades de cada proyecto.<\/td><td><strong>Ser l\u00edderes en nuestro ramo en base al buen servicio,<\/strong> bas\u00e1ndonos en nuestra experiencia y conocimiento para llevar a cabo cada proyecto de alta calidad.<\/td><\/tr><\/tbody><\/table><\/figure>\n\n\n\n<p><\/p>\n","protected":false},"excerpt":{"rendered":"<p>SUA INGENIER\u00cdA S.A DE C.V., es una empresa al servicio de la rama de la construcci\u00f3n 100% mexicana, fundada en el a\u00f1o 2020.&nbsp;Enfocada en realizar los mejores servicios de control<\/p>\n<p class=\"more-link\"><a href=\"https:\/\/suaingenieria.com\/?page_id=2\" class=\"readmore\">Seguir leyendo<svg class=\"icon icon-arrow-right\" aria-hidden=\"true\" role=\"img\"> <use href=\"#icon-arrow-right\" xlink:href=\"#icon-arrow-right\"><\/use> <\/svg><span class=\"screen-reader-text\">NOSOTROS<\/span><\/a><\/p>\n","protected":false},"author":1,"featured_media":169,"parent":0,"menu_order":0,"comment_status":"closed","ping_status":"open","template":"","meta":{"om_disable_all_campaigns":false,"_uag_custom_page_level_css":"","_monsterinsights_skip_tracking":false,"_monsterinsights_sitenote_active":false,"_monsterinsights_sitenote_note":"","_monsterinsights_sitenote_category":0,"footnotes":""},"class_list":["post-2","page","type-page","status-publish","has-post-thumbnail","hentry"],"uagb_featured_image_src":{"full":["https:\/\/suaingenieria.com\/wp-content\/uploads\/2025\/09\/WhatsApp-Image-2025-09-22-at-10.56.34-AM.jpeg",1600,1506,false],"thumbnail":["https:\/\/suaingenieria.com\/wp-content\/uploads\/2025\/09\/WhatsApp-Image-2025-09-22-at-10.56.34-AM-150x150.jpeg",150,150,true],"medium":["https:\/\/suaingenieria.com\/wp-content\/uploads\/2025\/09\/WhatsApp-Image-2025-09-22-at-10.56.34-AM-300x282.jpeg",300,282,true],"medium_large":["https:\/\/suaingenieria.com\/wp-content\/uploads\/2025\/09\/WhatsApp-Image-2025-09-22-at-10.56.34-AM.jpeg",768,723,false],"large":["https:\/\/suaingenieria.com\/wp-content\/uploads\/2025\/09\/WhatsApp-Image-2025-09-22-at-10.56.34-AM-1024x964.jpeg",920,866,true],"1536x1536":["https:\/\/suaingenieria.com\/wp-content\/uploads\/2025\/09\/WhatsApp-Image-2025-09-22-at-10.56.34-AM.jpeg",1536,1446,false],"2048x2048":["https:\/\/suaingenieria.com\/wp-content\/uploads\/2025\/09\/WhatsApp-Image-2025-09-22-at-10.56.34-AM.jpeg",1600,1506,false],"post-thumbnail":["https:\/\/suaingenieria.com\/wp-content\/uploads\/2025\/09\/WhatsApp-Image-2025-09-22-at-10.56.34-AM.jpeg",960,904,false],"photofocus-single-post-page":["https:\/\/suaingenieria.com\/wp-content\/uploads\/2025\/09\/WhatsApp-Image-2025-09-22-at-10.56.34-AM.jpeg",467,440,false],"photofocus-testimonial":["https:\/\/suaingenieria.com\/wp-content\/uploads\/2025\/09\/WhatsApp-Image-2025-09-22-at-10.56.34-AM.jpeg",140,132,false],"photofocus-stats":["https:\/\/suaingenieria.com\/wp-content\/uploads\/2025\/09\/WhatsApp-Image-2025-09-22-at-10.56.34-AM.jpeg",50,47,false],"photofocus-team":["https:\/\/suaingenieria.com\/wp-content\/uploads\/2025\/09\/WhatsApp-Image-2025-09-22-at-10.56.34-AM.jpeg",666,627,false],"photofocus-logo-slider":["https:\/\/suaingenieria.com\/wp-content\/uploads\/2025\/09\/WhatsApp-Image-2025-09-22-at-10.56.34-AM.jpeg",99,93,false],"photofocus-portfolio":["https:\/\/suaingenieria.com\/wp-content\/uploads\/2025\/09\/WhatsApp-Image-2025-09-22-at-10.56.34-AM.jpeg",1600,1506,false],"photofocus-services":["https:\/\/suaingenieria.com\/wp-content\/uploads\/2025\/09\/WhatsApp-Image-2025-09-22-at-10.56.34-AM.jpeg",80,75,false]},"uagb_author_info":{"display_name":"suacontacto@gmail.com","author_link":"https:\/\/suaingenieria.com\/?author=1"},"uagb_comment_info":0,"uagb_excerpt":"SUA INGENIER\u00cdA S.A DE C.V., es una empresa al servicio de la rama de la construcci\u00f3n 100% mexicana, fundada en el a\u00f1o 2020.&nbsp;Enfocada en realizar los mejores servicios de controlSeguir leyendo NOSOTROS","_links":{"self":[{"href":"https:\/\/suaingenieria.com\/index.php?rest_route=\/wp\/v2\/pages\/2","targetHints":{"allow":["GET"]}}],"collection":[{"href":"https:\/\/suaingenieria.com\/index.php?rest_route=\/wp\/v2\/pages"}],"about":[{"href":"https:\/\/suaingenieria.com\/index.php?rest_route=\/wp\/v2\/types\/page"}],"author":[{"embeddable":true,"href":"https:\/\/suaingenieria.com\/index.php?rest_route=\/wp\/v2\/users\/1"}],"replies":[{"embeddable":true,"href":"https:\/\/suaingenieria.com\/index.php?rest_route=%2Fwp%2Fv2%2Fcomments&post=2"}],"version-history":[{"count":4,"href":"https:\/\/suaingenieria.com\/index.php?rest_route=\/wp\/v2\/pages\/2\/revisions"}],"predecessor-version":[{"id":174,"href":"https:\/\/suaingenieria.com\/index.php?rest_route=\/wp\/v2\/pages\/2\/revisions\/174"}],"wp:featuredmedia":[{"embeddable":true,"href":"https:\/\/suaingenieria.com\/index.php?rest_route=\/wp\/v2\/media\/169"}],"wp:attachment":[{"href":"https:\/\/suaingenieria.com\/index.php?rest_route=%2Fwp%2Fv2%2Fmedia&parent=2"}],"curies":[{"name":"wp","href":"https:\/\/api.w.org\/{rel}","templated":true}]}}